55604?
False
Is 493688682 a multiple of 103?
True
Is 445983447 a multiple of 1911?
True
Is 282492356 a multiple of 548?
True
Is 6 a factor of 902254094?
False
Does 109 divide 1066843495?
True
Does 11 divide 37025186?
True
Is 27338128 a multiple of 1048?
True
Is 149 a factor of 167751701?
False
Is 27 a factor of 1013883615?
True
Does 226 divide 6583380?
True
Is 344277233 a multiple of 1259?
False
Is 1655443722 a multiple of 3651?
True
Is 650 a factor of 1234943495?
False
Is 26 a factor of 579451314?
True
Is 55 a factor of 3057619124?
False
Is 189605160 a multiple of 120?
True
Is 958 a factor of 607736040?
True
Does 442 divide 38034984?
True
Is 2589688973 a multiple of 6299?
True
Is 309980224 a multiple of 1989?
False
Is 28 a factor of 120033760?
True
Is 34 a factor of 138514616?
False
Is 4897 a factor of 125392582?
True
Is 11 a factor of 294907767?
True
Is 3524 a factor of 95306189?
False
Is 23692105 a multiple of 554?
False
Is 3361 a factor of 84737532?
True
Does 25 divide 5179713941?
False
Is 15 a factor of 521510895?
True
Is 1936 a factor of 5870421154?
False
Is 177 a factor of 13134462?
True
Is 148 a factor of 105866176?
True
Is 102 a factor of 2136095367?
False
Does 2361 divide 160470087?
True
Does 53 divide 256201809?
False
Is 668176897 a multiple of 112?
False
Is 4368814608 a multiple of 3282?
True
Does 4 divide 38164667?
False
Does 47 divide 60776029?
True
Is 4 a factor of 15592609?
False
Is 2386 a factor of 755636656?
True
Is 67247026 a multiple of 566?
True
Is 3196044 a multiple of 36?
True
Is 2189 a factor of 96460666?
False
Does 119 divide 30822946?
False
Is 269 a factor of 65767426?
False
Is 590 a factor of 419235120?
True
Is 11 a factor of 2060898736?
False
Is 415 a factor of 89758963?
False
Is 1525 a factor of 423657200?
True
Is 15908303 a multiple of 2?
False
Does 5 divide 22447515?
True
Is 81 a factor of 48992769?
True
Is 12 a factor of 23839788?
True
Is 19573944 a multiple of 35?
False
Does 237 divide 72962109?
True
Is 4 a factor of 529064?
True
Is 451 a factor of 4060353?
True
Does 3 divide 24311104?
False
Is 96 a factor of 71348832?
True
Does 20 divide 804957261?
False
Does 175 divide 185828077?
False
Is 116 a factor of 407649520?
True
Is 670 a factor of 360501686?
False
Is 37055850 a multiple of 310?
True
Does 4 divide 203123942?
False
Does 1962 divide 65636748?
True
Does 497 divide 24821472?
False
Is 29 a factor of 5331360?
True
Does 579 divide 1464244680?
True
Does 907 divide 3052436624?
False
Is 4 a factor of 7662651?
False
Is 72484024 a multiple of 91?
False
Is 18209316 a multiple of 1805?
False
Does 50 divide 452200?
True
Is 12 a factor of 248173272?
True
Is 231 a factor of 1448971063?
False
Does 5154 divide 1631181045?
False
Is 14872 a factor of 3806369202?
False
Is 3269 a factor of 108288894?
True
Does 85 divide 140184092?
False
Is 21 a factor of 717487334?
False
Is 499283980 a multiple of 32?
False
Does 45 divide 8045685?
True
Does 881 divide 15880906?
True
Does 109 divide 361675431?
False
Is 362 a factor of 146449944?
False
Is 191917404 a multiple of 3348?
True
Does 161 divide 25047092?
True
Is 76 a factor of 659767984?
False
Is 5 a factor of 3103875?
True
Does 988 divide 211689560?
False
Is 1349 a factor of 17760934?
True
Is 430937935 a multiple of 43?
False
Does 3296 divide 1039479296?
True
Does 199 divide 153678148?
True
Is 3861314 a multiple of 10?
False
Is 291 a factor of 798334638?
True
Is 855624 a multiple of 66?
True
Does 10 divide 496490110?
True
Is 1197 a factor of 45108945?
True
Does 8 divide 27544474?
False
Does 3324 divide 187147776?
False
Is 88297938 a multiple of 18?
True
Is 154 a factor of 5464051425?
False
Does 687 divide 33052060?
False
Does 78 divide 478550668?
False
Is 197485224 a multiple of 161?
False
Is 40 a factor of 37037640?
True
Is 2 a factor of 5550416?
True
Is 1149 a factor of 78943194?
True
Is 11 a factor of 22875392?
False
Does 158 divide 1370398148?
True
Is 81854580 a multiple of 20?
True
Is 65658912 a multiple of 1282?
True
Is 1131514963 a multiple of 387?
False
Is 9 a factor of 97898841?
True
Is 390445432 a multiple of 1047?
False
Does 20 divide 226281700?
True
Is 55329665 a multiple of 248?
False
Is 25423416 a multiple of 216?
True
Is 17 a factor of 695098329?
True
Is 8309371 a multiple of 511?
True
Does 2404 divide 58259510?
False
Is 206595109 a multiple of 2?
False
Is 154378601 a multiple of 2?
False
Is 87 a factor of 216926829?
False
Is 112476304 a multiple of 273?
False
Is 7996256 a multiple of 97?
False
Is 6 a factor of 104890?
False
Is 3251882 a multiple of 178?
True
Is 29626043 a multiple of 1445?
False
Does 24 divide 1761385248?
True
Does 657 divide 28271588?
False
Does 16 divide 11296205?
False
Does 612 divide 143079480?
True
Is 17 a factor of 2558343906?
True
Is 2321 a factor of 70963945?
False
Is 1396225908 a multiple of 42?
True
Is 8 a factor of 96994690?
False
Is 6133398992 a multiple of 13328?
True
Is 1625 a factor of 53537098?
False
Does 630 divide 594147645?
False
Does 51 divide 113966793?
True
Is 58 a factor of 1173918?
False
Is 663 a factor of 255394893?
True
Is 23 a factor of 147813065?
True
Does 510 divide 2131032650?
False
Is 635 a factor of 10836497?
False
Does 5 divide 91632347?
False
Is 43825850 a multiple of 329?
False
Is 20 a factor of 73673907?
False
Is 27 a factor of 314010012?
False
Does 67 divide 1572149276?
False
Is 95 a factor of 372184441?
False
Is 3019 a factor of 82939520?
False
Does 2958 divide 4936793607?
False
Is 251 a factor of 6928704?
False
Is 44 a factor of 1647140?
True
Is 50657988 a multiple of 907?
False
Is 270 a factor of 853363080?
True
Is 16351427 a multiple of 607?
False
Is 55252882 a multiple of 307?
False
Does 288 divide 101524236?
False
Is 1183 a factor of 186910393?
False
Does 38 divide 11985669?
False
Is 4881760 a multiple of 160?
True
Does 4 divide 40775799?
False
Is 16 a factor of 1144247632?
True
Does 58 divide 14517743?
False
Does 1953 divide 15920856?
True
Does 17 divide 2486932?
False
Is 15812079 a multiple of 25?
False
Is 67 a factor of 2018884562?
False
Is 145261893 a multiple of 67?
False
Does 198 divide 164664853?
False
Is 9 a factor of 20235697?
False
Does 2386 divide 158318258?
True
Is 164 a factor of 38708618?
False
Does 197 divide 48516301?
False
Is 485019695 a multiple of 43?
False
Does 42 divide 370728401?
False
Is 582 a factor of 18162474?
True
Is 34162964 a multiple of 350?
False
Does 9 divide 827461963?
False
Is 683794716 a multiple of 242?
True
Is 9 a factor of 52447266?
True
Is 2577031251 a multiple of 12?
False
Does 1849 divide 222486472?
True
Is 58 a factor of 8152818?
False
Does 298 divide 1026481562?
True
Is 10698658 a multiple of 31?
True
Does 75 divide 339028350?
True
Is 4 a factor of 19285810?
False
Is 598287899 a multiple of 220?
False
Does 178 divide 3266030?
False
Is 9058 a factor of 1818837342?
True
Does 6 divide 10464312?
True
Does 412 divide 598207964?
False
Is 24803242 a multiple of 13?
False
Does 22 divide 7819302?
False
Is 56200401 a multiple of 16?
False
Is 5364513 a multiple of 231?
True
Is 7086792 a multiple of 4?
True
Is 4400196334 a multiple of 266?
False
Is 551442528 a multiple of 273?
True
Does 262 divide 408479746?
True
Is 109 a factor of 32611056?
True
Does 28 divide 2452177025?
False
Does 15 divide 89976625?
False
Is 51 a factor of 176831943?
True
Is 12 a factor of 2584607940?
True
Does 36 divide 1220858175?
False
Is 68 a factor of 11854984?
True
Is 12 a factor of 71156556?
True
Does 720 divide 4522320?
True
Does 37 divide 8384607?
True
Is 4704 a factor of 4597360320?
True
Is 53717450 a multiple of 1813?
False
Is 137 a factor of 30486610?
True
Is 4730227 even?
False
Is 230386100 a multiple of 12?
False
Does 7 divide 215163771?
False
Is 2164557900 a multiple of 50?
True
Does 253 divide 5377262?
True
Is 2443153214 a multiple of 182?
False
Is 1471 a factor of 89889868?
True
Is 7097 a factor of 1758728861?
True
Is 389 a factor of 23481596?
True
Is 1433702388 a multiple of 6?
True
Is 15 a factor of 302851208?
False
Does 105 divide 2763705?
True
Is 139 a factor of 1470022891?
False
Is 11 a factor of 451380331?
False
Does 967 divide 1297576686?
True
Is 71662832 a multiple of 65?
False
Does 239 divide 17845413?
True
Is 52 a factor of 7949358?
False
Does 2 divide 67998726?
True
Does 13